 the remainder when (27/(-3) + (0 - -6))/((-1)/359) is divided by 7?
6
Suppose 5730 = -24*x - 24*x + 63*x. What is the remainder when x is divided by 119?
25
Let l = 3537 + -3476. Suppose -c = -2*c + 18. What is the remainder when l is divided by c?
7
Let a(q) = 16*q**2 + 2*q + 8. Suppose 0 = 4*f - 2*m - 194, -2*f = 2*f - m - 189. What is the remainder when a(6) is divided by f?
44
Let f(c) = 24*c + 1533. Calculate the remainder when f(34) is divided by 234.
9
Let z(d) = d**3 - 6*d**2 - 5*d - 3. Let w(g) = -81*g - 1415. What is the remainder when z(8) is divided by w(-18)?
42
Let b = -22 + 16. Let n be (12/(-15))/(b/(-15)). What is the remainder when (n - -96) + 15/(-5) is divided by 31?
29
Suppose 5*y - 8 = 3*y. Suppose -3*g = -y*k - 169, -2*k + g - 123 = k. Let l = k - -54. What is the remainder when 167 is divided by l?
13
Let o = -7 + 21. Suppose 0 = -4*h - 17 + 37. Suppose 3*u + 208 = h*w, -2*w = -5*u + 47 - 134. Calculate the remainder when w is divided by o.
13
Suppose u = -3*c - 16, 2*c = 4*c - u + 4. What is the remainder when c/((-24)/(-18)) + 363 is divided by 28?
24
Let a = 4246 + -4237. Calculate the remainder when 5026/63 + 2/9 is divided by a.
8
Suppose 2*f - 514 = -3*v, 0 = -4*v - 2*f + 57 + 631. What is the remainder when 1735 is divided by v?
169
Suppose 0 = 5*n + 2*u - 12, -2 = -3*u + u. Suppose -b + 0 = -n*s - 15, -4*s = 2*b - 14. What is the remainder when 163 is divided by b?
9
Suppose d - 2440 = -u, 2*d - 4*u - 5712 = -850. What is the remainder when d is divided by 23?
22
Let f be 36/96 - 29/(-8). Suppose -f*b = 3*z + z - 140, 3*z - 65 = 5*b. What is the remainder when z is divided by 22?
8
Let f(x) = -x - 2. Suppose -145 = -24*n + 119. Suppose n*r - 68 = -6*r. Calculate the remainder when r is divided by f(-4).
0
Suppose 252*k + k = 158*k + 1138290. What is the remainder when k is divided by 255?
252
Let z = 24 - 20. Suppose -z*v + 60 = -52. Let u(c) = c**3 - 3*c**2 - 2*c + 14. Calculate the remainder when v is divided by u(2).
4
Let y(u) = -u. Let p(f) = -2. Let v(j) = -22*p(j) + 2*y(j). Suppose -m = m - 2, 4*i = 2*m + 42. Calculate the remainder when v(8) is divided by i.
6
Calculate the remainder when 87 is divided by (2 + 2 + -8)*3/(-4).
0
Let i(z) = -z**2 - 41*z - 61. What is the remainder when i(-7) is divided by 60?
57
Suppose -2*p - 4 = 3*p + 4*m, -2*p - 2*m - 2 = 0. Let y be 35/5 - (p + 3). Let h(l) = -2*l + 10. Calculate the remainder when 4 is divided by h(y).
0
Let c(r) = 289*r**2 - 6*r + 6. Let f be c(1). Let y = f + -102. What is the remainder when y is divided by 47?
46
Suppose 0 = -160*x + 9*x + 8305. Calculate the remainder when 119 is divided by x.
9
Let j(c) = -4*c**3 - 23*c**2 + 10*c. Let s(a) = 5*a**3 + 24*a**2 - 10*a - 1. Let t(b) = 6*j(b) + 5*s(b). Calculate the remainder when t(18) is divided by 36.
31
Calculate the remainder when (-1620)/(-26) - (-34920)/(-15132) is divided by 21 - (-2)/(4/2).
16
Let f = 13499 + -10795. What is the remainder when f is divided by 160?
144
Suppose -2*r + 4 = 92. Let s be 280/80 + 3/(-2). Let d = s - r. What is the remainder when d is divided by 8?
6
Suppose -824 = -11*b + 3*b. Suppose -6*a + b + 11 = 0. Let r = a - -20. Calculate the remainder when 115 is divided by r.
37
Let u(o) = o**2 + o + 39. Calculate the remainder when 292 is divided by u(6).
49
Let h(w) = -w**2 - 7*w + 88. Suppose -16*d + 37 = -59. Let p = 26 - -41. What is the remainder when p is divided by h(d)?
7
Suppose 3*j + 0*j - 66 = 0. Suppose -s + 7 = -4. Let n(v) = -v**2 + 9*v + 35. What is the remainder when j is divided by n(s)?
9
Let u(v) = -v**3 + 89*v**2 - 72*v - 2. What is the remainder when u(88) is divided by 67?
66
What is the remainder when 402 is divided by 3*(-1435)/(-126) + (-14)/84?
28
Let s be 10*1*2/5. Suppose b + 9 = 3*v, s = -v - 2*b - 0. What is the remainder when 10 is divided by v?
0
Suppose -r + 9 + 7 = 0. Suppose -5*d + 34 = -r. Suppose -d = -c + 24. What is the remainder when c is divided by 7?
6
Suppose -2*n = 2*r - 544, 5*r + 187 = 3*n - 637. Let b = n - 270. Calculate the remainder when 15 is divided by b.
0
Suppose 15*i = -i + 3776. Let j = -130 + i. What is the remainder when j is divided by 18?
16
Let q = 8711 - 8691. What is the remainder when 35 is divided by q?
15
Let p(v) = v**2 - 9*v + 33. Let a be ((-209)/22 - -16) + (-2)/4. Calculate the remainder when 169 is divided by p(a).
4
Let k(l) = -l**3 + 2*l**2 + l - 90. Let n be k(0). Let p = 91 + n. Let t(y) = 40*y**3 - y. Calculate the remainder when t(p) is divided by 6.
3
Suppose -90 = -3*o - 69. Suppose -p - o = -3. What is the remainder when 47 is divided by ((-2)/p)/((-10)/(-280))?
5
Calculate the remainder when 201 is divided by 4*1 - (208 - 225).
12
Let h = -1075 + 1128. Let c be (-4)/4*6/1. Let y(r) = -3*r - 4. Calculate the remainder when h is divided by y(c).
11
Suppose 0 = 9*a - 7*a - 2*m - 2, 3*m = -2*a + 17. Suppose -62 = a*n - 174. What is the remainder when 110 is divided by n?
26
Suppose 14518 - 4047 = 12*j - 3953. What is the remainder when j is divided by 236?
22
Suppose 0 = 68*m - 103*m + 28945. What is the remainder when m is divided by 171?
143
Suppose 4*q - 677 = 143. Let r = q + -178. Calculate the remainder when (38/(-6))/((-3)/36) is divided by r.
22
Let f(p) = 8*p**3 + 2*p**2 - 2*p - 3. Let u be f(-2). Let i = 55 + u. What is the remainder when 366/10 - (i + (-6)/15) is divided by 19?
18
Let o = -108 - -179. Let p = -31 - -34. Suppose v + 120 = 4*t - p*v, 4*v = 2*t - 68. What is the remainder when o is divided by t?
19
Suppose 5*b = -4*h + 136, h - b + 262 - 278 = 0. What is the remainder when 3339 is divided by h?
3
Suppose -q = -5*h - 0*q + 9, -5*h - 5*q + 15 = 0. Suppose h*z - 31 = 5. Calculate the remainder when 2 - -1 - (0 - 49) is divided by z.
16
Let i(p) = -2*p**3 - 2*p**2 - 3*p - 2. Let v = -7649 + 7716. What is the remainder when v is divided by i(-2)?
7
Let m = 32295 - 20551. Calculate the remainder when m is divided by 9.
8
Suppose -8 = -2*s, 7*i - 562*s - 2292 = -561*s. What is the remainder when 712 is divided by i?
56
Let q(l) = -1292*l + 10362. Calculate the remainder when q(8) is divided by -2 + -4 + 7 + 9.
6
Suppose -4*u + 2*s = -532, 3*u - 521 + 136 = -2*s. Calculate the remainder when u is divided by 89.
42
Let r be ((-6)/5)/(2/(-50)). Let v = -1933 + 1907. Let q = v + r. What is the remainder when 17 is divided by q?
1
Let j(f) = 7*f - 22. Let z be j(8). Suppose 0*v = v - z. Let s = v - -15. What is the remainder when s is divided by 17?
15
Let m = 57 - 50. Suppose m*y = -17*y + 120. What is the remainder when y is divided by 45/18*(-4)/(-5)?
1
Suppose -1510 = -73*y - 196. What is the remainder when 104 is divided by y?
14
Let x(z) = -z**2 + 40*z - 128. Calculate the remainder when x(22) is divided by 23.
15
Suppose -x - 144 = 34*m - 37*m, 2*x = 3*m - 141. What is the remainder when 1317 is divided by m?
43
Let h = 115 - 110. Suppose c - 3*y - 82 = 0, c = y - h*y + 61. Calculate the remainder when c is divided by 37.
36
Calculate the remainder when 61 is divided by (-2)/(-3) - (-13 - 510/45).
11
What is the remainder when 26/338 - (-3)/(39/571) is divided by 9?
8
Suppose -3*g = -5*o - 126, o + 97 + 17 = 3*g. What is the remainder when (-1094)/(-6) - (-150)/225 is divided by g?
35
Suppose -77*l + 78*l = 0. Let c be 0 + 0/2 + 1. Suppose -w + u - c = 0, -u = -l*u - 3. What is the remainder when 8 is divided by w?
0
Suppose 125*f = -8768 + 16133 + 63885. What is the remainder when f is divided by 34?
26
Let g be (-4)/(-20) - 148/(-10). Let p = 59 - g. Suppose 36*y - 16*y = -11*y + 310. Calculate the remainder when p is divided by y.
4
Let a = -23895 + 23931. Suppose -5*n = 4*t - 906, 3*t = 4*n + t - 704. Calculate the remainder when n is divided by a.
34
Let v(u) = 14*u**2 - u - 1. Let q(b) = b**2 + 20*b + 33. Let w be q(-25). Suppose -18*d + w + 292 = 0. What is the remainder when d is divided by v(-1)?
11
Suppose 0 = -147*n + 150*n - 132. Let o = n - 6. What is the remainder when o is divided by 13?
12
Calculate the remainder when 771 is divided by (-2)/(-8)*90*(-56)/(-42).
21
Let t be (-57)/2 - 5*2/20. Let y = 182 + t. Let j(h) = 6*h**3 - h**2 - 5*h + 5. What is the remainder when y is divided by j(2)?
36
Suppose -4*m = -m - 29*m + 160654. Calculate the remainder 